se
Let c(h) = -3*h**2 - 2*h + 11*h**2 + 153*h**3 + 101*h**3 + 7 + 46*h**3. Let s(n) = 599*n**3 + 15*n**2 - 4*n + 13. Let v(x) = -11*c(x) + 6*s(x). Is v(1) prime?
False
Let y be (-3)/3*-5*1. Suppose -2*o = 2*z - 4*z + 502, -y*o - 1231 = z. Let v = o + 434. Is v composite?
True
Let n(f) = 66*f**2 + 54*f - 223. Is n(4) composite?
False
Is ((-29790)/240)/(1/(-8)) composite?
True
Let u(z) = z**2 - 3*z - 4. Let q be u(4). Suppose 5*y - 6 - 9 = q. Suppose -y*t = 3*g - 390, -5*g + 0*t = -4*t - 623. Is g a composite number?
False
Let r(j) = j**3 + 4*j**2 - 6*j - 1. Let o be r(-5). Suppose 3*k - 2*k + 2*q - 4 = 0, -4*q - 52 = -o*k. Is 15/k*596/6 a composite number?
False
Suppose -4*b + 6771 - 1565 = -3*x, b - 8705 = 5*x. Suppose -5*j = -v + 5120, -4*j + 2*v - 2040 = -2*j. Let p = j - x. Is p a composite number?
True
Suppose -22*s + 43256 = -18*s. Is s prime?
False
Let j(t) = -4440*t - 43. Is j(-1) a composite number?
False
Let s be (5/(5/(-32)))/1. Let l be -1*(23 - 1)/(-1 + 3). Let h = l - s. Is h composite?
True
Let n be -2 + 5/((-15)/(-12)). Suppose -4*c + n*c = -4. Suppose -4*b + o = 3*o - 894, c*b + 3*o = 449. Is b a prime number?
True
Let h be (-44)/(-6) + (-2)/6. Suppose h*t + 4 = 9*t. Suppose l + t*l = 1557. Is l prime?
False
Is (-5 + (-4 - -4))*(-7628)/20 a composite number?
False
Suppose -2*y - 16362 + 49420 = 4*u, -u + 4*y = -8251. Is u a composite number?
False
Let o(j) = 624*j**2 + 7*j + 32. Is o(-3) a composite number?
True
Let l = 96 - -109. Let z = 6 + -3. Suppose -k + 4*x + 55 = 0, -z*k + l - 62 = -x. Is k composite?
False
Let y(i) = i**3 - 16*i**2 - 4*i + 4. Let k be y(17). Let d = k + -146. Is d a composite number?
False
Suppose z - 5*z + 17546 = 2*d, 13170 = 3*z + 5*d. Is (3 - 1 - 6)*z/(-20) composite?
False
Let n = 2567 - -3774. Let r = n + -1480. Is r a composite number?
False
Let y be (-40)/(-12)*(-12)/(-8). Suppose 0 = 3*r + y*b - 1531, -r + 3*b = b - 525. Is r prime?
False
Suppose -7*d = -2*d - 25. Suppose 3*h - 3550 = -4*k, -2738 = -d*k + h + 1709. Is k prime?
False
Suppose a = 3*w + 440, 0 = -4*a + 3*w - 2*w + 1804. Suppose a = o + 5*s - s, 4*s - 1844 = -4*o. Suppose 311 = 5*n - o. Is n composite?
True
Let x be 4/12 + 35/(-15). Is 2 + 251 - (x - -1) a prime number?
False
Suppose 0 = -f + 6*f - 23880. Is ((-1)/(-3))/(8/f) composite?
False
Let i = -26 + 36. Let d be 5/15 - i/(-6). Suppose -5*m + 3543 = 4*o, d*o + 2*m = 1281 + 491. Is o a composite number?
False
Is (-7 - -2)*(-14 + 3) composite?
True
Suppose 4*k - 12 = 4*n, 2*k - 5 = -3*n + 1. Suppose 2*j + 3*o - o = -8, 2*o = 4*j - 14. Suppose -d = -2*d + j, -5*d = k*i - 443. Is i a prime number?
False
Let k = 7 - 4. Let d be -1 + 1*(-6)/(-2). Is -21*(d - (k - 0)) prime?
False
Let g be (3 - 1)*(-28)/(-14). Suppose -g*w = 8, 0 = j - w + 4*w - 331. Is j prime?
True
Let o be 3 + (-4 - -2) + 3. Suppose -z + o*z = 6. Suppose 2*t - 56 = -0*t + 5*y, -5*y = z*t - 76. Is t composite?
True
Let t = -39 + 136. Suppose 0 = p + 4*z - t - 130, -2*p - 2*z + 430 = 0. Is p prime?
True
Let w be (30*(-3)/(-24))/((-3)/(-100)). Suppose -2*y + w = 3*y. Is y a composite number?
True
Suppose -46497 = -33*p + 22*p. Is p a composite number?
True
Let o be 10*(9 - (-3 - 0)) - 3. Suppose -3*r - 53 + 3 = -i, -5*r = 20. Suppose i - o = -w. Is w composite?
False
Let x(w) = w - 6*w**2 - 4 + 6*w**2 - 4*w**2. Let p be x(6). Let l = p - -201. Is l a prime number?
True
Let l = 69 + 12. Suppose -4*b = -299 - l. Is b a prime number?
False
Let q(z) = -2*z**2 + 6*z - 9. Let a be q(6). Let c(g) = g**2 + 17*g - 10. Let v be c(-16). Let m = v - a. Is m composite?
False
Let c be 1/(4/(-8)) - -4. Suppose 3*b + c*b - 955 = 0. Is b a prime number?
True
Let k(o) = o - 14 + 15 + 441*o**2 + 0*o. Is k(1) prime?
True
Let n(a) = -5 + 7 + 13 - 223*a. Is n(-4) a composite number?
False
Let o = -698 + 119. Let l = o - -1262. Is l a composite number?
False
Suppose -111*a - 60186 = -117*a. Is a prime?
False
Suppose -7*p + 3*p = 3*h - 77201, -5*p = -2*h + 51475. Is h prime?
False
Let z be (-7900)/(-10) + ((-9)/3)/3. Suppose -5*r + u = -2101 - 1835, z = r - 2*u. Is r a composite number?
False
Suppose -5 = o - 7. Suppose 2 = -0*j - o*j, m - 5*j = 1. Let h(z) = 8*z**2 - z + 2. Is h(m) composite?
True
Let n be (6147/18)/((-1)/(-2)). Suppose 5*h = -168 + n. Is h a prime number?
True
Suppose o = 5*m + 415, -2*m + 0*m + 2*o = 166. Suppose -3*g + 672 = -0*g. Let s = g - m. Is s prime?
True
Let g = 280 - -711. Is g a composite number?
False
Suppose -56191 + 267396 = 5*j. Is j a prime number?
False
Let u be -2*3*(-41)/(-6). Let r = u + 78. Suppose -3*o = 4*n - 269, 2*o + 3*n - r = 143. Is o a composite number?
True
Suppose 5*z + 3*a - 2*a = -5, -4*a - 20 = -5*z. Is (-3774)/(-3) + 1 + z a composite number?
False
Suppose -4*h = h. Suppose 4*w + 8 + 8 = h, -1141 = -5*u - w. Let l = -106 + u. Is l composite?
True
Let a be (129/(-6) - (-1)/(-2)) + 2. Is (6 + -1)*(-4656)/a - 1 prime?
True
Suppose -2*z - 138 = -4*j, 3*j - 3*z - 111 = -0*z. Let o = -16 + j. Is 1042/o - 4/32 composite?
True
Let c(z) be the first derivative of z**3 - 22*z - 33. Is c(9) a prime number?
False
Suppose 0 = -2*o - 3*o - 100. Let a(k) = -16*k**3 + 3*k**2 + 3. Let t be a(6). Is t/o - 2/8 prime?
True
Let o = 24 - 16. Suppose 2*x - 17 = -2*y + 3*y, -2*y = 3*x - o. Suppose 0 = -x*u - 1546 + 6022. Is u a prime number?
False
Let b(g) = 2445*g**2 - 12*g + 27. Is b(4) a composite number?
True
Suppose 11203 = 20*a - 6817. Is a prime?
False
Is 0*(9 - 10) + 126713 a prime number?
True
Suppose 0 = 2*w - 10*w. Suppose -5*d + 5*q + 1635 = w, 611 = 2*d - 5*q - 31. Is d prime?
True
Let n(s) = 479*s + 327. Is n(14) prime?
False
Let a(q) = -2*q**2 - 3*q - 4. Let v be a(-2). Let x be -2 - (4 + -2 + v). Suppose -4*y - x*r + 1749 = 181, 2*r = 5*y - 1951. Is y composite?
True
Suppose 2*b + 5*r + 417 = 0, -5*r + 2*r + 678 = -3*b. Let w = b + 592. Is w a prime number?
False
Suppose 4*a + h - 10273 = 0, 0*h - 7698 = -3*a - 3*h. Is a composite?
True
Suppose 2*y + 4*d = y + 881, -4*y + 3511 = 3*d. Is y prime?
True
Suppose 19*i + 108280 = 59*i. Is i a composite number?
False
Suppose 4*a + 13 = 1. Let m be (-1)/a - 914/6. Let s = 9 - m. Is s composite?
True
Suppose 0*h = 2*h + 5*w - 1225, 2411 = 4*h - 3*w. Let v = -505 - -508. Suppose v*m + 0*m - h = -4*p, 0 = -5*p + m + 742. Is p prime?
True
Suppose 0 = 4*q - 0*i - i - 3, 4*i + 12 = 0. Suppose q = -2*h - 2*h + 12088. Is h prime?
False
Let p = -5001 + 7582. Is p prime?
False
Let y be (45 - -5)*(-1)/(-2). Suppose -6*v + 223 = y. Is v a prime number?
False
Suppose 5*f = 77*f - 50472. Is f a composite number?
False
Suppose -5 = b, -4*b - 21397 = -5*o + 4*o. Is o composite?
False
Let u(n) = -2*n**3 - 13*n**2 - 16*n - 9. Let s be u(-8). Suppose -4*c - 148 = -3*c. Let a = s + c. Is a prime?
True
Let n be -222*(1 - (-3)/(-9)). Let q be n*((-28)/(-16) + -3). Suppose 9*o = 4*o + q. Is o composite?
False
Let j be 303*5/((-30)/4). Let g = -113 - j. Is g composite?
False
Let r(c) = 16255*c - 110. Is r(1) composite?
True
Let q = 23 + -23. Suppose 4*v - 4825 = -q*v + f, 0 = -3*v - 4*f + 3633. Suppose 5*h - 298 = v. Is h a composite number?
True
Let z(r) = -416*r + 21. Let u = 101 + -106. Is z(u) a prime number?
False
Suppose -2*c - 26 = -2*m, -3*c + 5*m - 40 = 5. Is (c - -15)*(-503)/(-1) prime?
False
Let p(z) = z**3 - z**2 - 2*z. Let s be p(2). Suppose 2*i - 2*m - 282 = s, 0*i + 3*m = 2*i - 277. Let h = i - 84. Is h a composite number?
True
Let h = 701 - 475. Is h composite?
True
Let s be (-33100)/28 + 3/21. Let v = s - -2917. Is v prime?
False
Let h(r) = 8*r + 19. Let z be h(-3). Let g(w) = -9*w**3 + 3*w**2 - w + 12. Is g(z) a prime number?
True
Let m = -3737 - -12966. Is m a composite number?
True
Suppose -11*p + 24315 = -38044. Is p a composite number?
False
Suppose -3*p - 12 = 0, 0*v = -v - 5*p - 17. Suppose 2*l + 14 = 3*h, 0 = -v*l + 8*l - h + 48. Is (-233)/(3 + 32/l) a prime number?
False
Let b be 6/2 + (-4 - -5). Suppose b*p = p - 45. Is 14315/75 + (-2)/p composite?
False
Suppose 0 = 7*i - 14. Is (16/(-32))/(i/(-1172)) a composite number?
False
Let r(y) = 10*y**3 + 6*y**2 + 23*y - 12. Is r(9) prime?
False
Suppose q + 4*q = -20, -2*q = -2*v + 18. Suppose -v*u = -2463 - 1862. Is u composite?
True
Let f = -26 - -48. Let g = f + -14. Suppose -g + 403 = 5*o. Is o a 